= u - 0, 3*o - 34 = -a*u. Suppose w + o = 10. Calculate the highest common factor of w and 7.
7
Let f = 673 + -603. What is the highest common factor of f and 154?
14
Suppose 2*m + 0*o = 4*o + 6, 0 = -5*o + 5. Suppose -m*k - 420 = -4*p, 0 = -2*p - k + 6*k + 220. What is the highest common divisor of 20 and p?
20
Suppose 3*c = 0, -3*f + 57 = -0*c - 3*c. Let w be (f + -7)*(-42)/(-9). What is the highest common factor of 14 and w?
14
Let n(m) = -m + 1. Let x be n(7). Let g be 50 - (-4)/x*-3. Calculate the greatest common divisor of g and 13.
13
Suppose 5*c - 110 = 3*o, -3*c + 5*o = -c - 63. Suppose -13 = 2*w - c. Calculate the greatest common divisor of w and 12.
3
Let n(t) = -2*t**2 + 2*t + 153. Let z be n(9). What is the highest common divisor of 48 and z?
3
Let p be (-1180)/(-19) - (-500)/(-4750). Calculate the greatest common factor of 3 and p.
1
Suppose 3*q + 3*b - 1887 = 0, 1630 = 5*q - 5*b - 1515. Calculate the greatest common divisor of q and 68.
17
Suppose -57*p + 1916 = -4639. Calculate the greatest common factor of 529 and p.
23
Let a(o) = 3*o**2 + 8*o + 9. Let q be a(-4). Let x = -287 + 412. Calculate the greatest common factor of q and x.
25
Let h(a) be the third derivative of 55*a**4/12 + a**2. Let v be h(1). Suppose 5*m = -0*m + 50. Calculate the greatest common factor of v and m.
10
Suppose 0 = 2*p + 3 + 25. Let c(d) = -d**3 - 15*d**2 - 15*d. Let y be c(p). Calculate the highest common divisor of y and 42.
14
Suppose -2*w - 30 = 4*t - 326, 4*w - 570 = 3*t. Calculate the greatest common divisor of 108 and w.
36
Let o = 413 + 136. Calculate the highest common divisor of o and 9.
9
Let i = -597 - -607. Let w(a) = 2*a**2 + 8. Let k be w(-6). What is the highest common factor of k and i?
10
Let c be 5/(20/(-24))*(-56)/42. Let l be (2/(-3))/((-2)/60). Calculate the greatest common divisor of l and c.
4
Suppose s - 5*a + 30 = 0, 46 = 5*s + 125*a - 122*a. Suppose 0 = 4*h - 5 + 1. Calculate the highest common divisor of s and h.
1
Suppose 4*c = 36 + 12. Suppose -16*p + 24 = -12*p. What is the greatest common divisor of p and c?
6
Let y = -344 + 419. What is the highest common factor of y and 285?
15
Let v(o) = o**3 + 24*o**2 - 31*o - 75. Let t be v(-25). Calculate the greatest common factor of t and 12.
3
Suppose 61*i + 6*i - 1206 = 0. Calculate the greatest common divisor of i and 2538.
18
Let v be -6*4/(-6) + 2280/10. Calculate the greatest common factor of 16 and v.
8
Suppose 606 = 9*d - 312. Calculate the greatest common factor of d and 17.
17
Suppose 10 + 90 = -4*c. Let u = c - -52. What is the highest common factor of 108 and u?
27
Let i be 6*(-3 + 2 - 0). Let d(n) = n**2 - 10*n - 8. Let g be d(i). What is the greatest common factor of 11 and g?
11
Let l be 3/63*-3*-7. Let b be (l + 13)/(1/2). Calculate the greatest common divisor of b and 4.
4
Suppose -14*c + 15*c = 3. Suppose 9 + 1 = s - w, -c*w = 0. Calculate the greatest common divisor of 5 and s.
5
Suppose z = 4*f + 78, 2*z - 6*z - 5*f + 207 = 0. Let a(i) = 15*i + 2. Let d be a(2). Let v = z - d. What is the greatest common factor of 104 and v?
26
Let p = 512 - 496. Calculate the highest common divisor of p and 1008.
16
Suppose 5*n + n - 156 = 0. Let l = n - -6. Calculate the highest common divisor of l and 48.
16
Suppose 4*p + 2*m - 199 = -3*m, -2*p + 99 = 3*m. Suppose -5*o + p = -39. Calculate the greatest common divisor of o and 90.
18
Let x = 763 - 1441. Let s be (-10)/35 + x/(-21) - 0. What is the highest common factor of s and 4?
4
Let s = 69 - -21. What is the greatest common factor of 60 and s?
30
Let g = -43 + 60. Suppose l - 13 = 2*r, 3*l - 5*r = -g + 51. What is the highest common factor of l and 9?
3
Suppose 3*f + 5*b + 22 = 0, 2*f = 2*b - 5*b - 14. Let t(z) = 2*z**2 + 9*z + 14. Let u be t(f). Calculate the greatest common divisor of u and 10.
10
Let s(o) be the first derivative of o**3/3 - 3*o**2/2 - 3*o - 16. Let q be s(5). Calculate the greatest common factor of q and 7.
7
Let l(c) = 5*c**2 + 16*c + 5. Let p be l(-5). Suppose -2*z = -145 - 25. Let o = z - 60. What is the greatest common factor of p and o?
25
Suppose -18*q + 6919 + 3971 = 0. What is the highest common divisor of q and 484?
121
Let x be (-4 - 3)*(114/42 - 3). Calculate the greatest common factor of 142 and x.
2
Let c be (-2185)/(-20) + (12/16 - 1). Calculate the greatest common factor of c and 1199.
109
Let r = -357 + 542. What is the greatest common factor of 74 and r?
37
Let f be (-570)/4*(-252)/210. Calculate the greatest common factor of f and 19.
19
Let g = -1138 - -1438. What is the greatest common divisor of 24 and g?
12
Let b(h) = 7*h + 304. Let l be b(-18). What is the greatest common factor of l and 267?
89
Let u be ((-6)/10)/(8/(-9240)). What is the highest common divisor of 63 and u?
63
Let h = -52 - -62. Suppose u - h = 2. Suppose 2*l - 6 = l. Calculate the highest common factor of u and l.
6
Let o be (18 + -8)*(12 + (0 - 0)). Let t = -42 + 76. Suppose 10 - t = -j. Calculate the greatest common factor of j and o.
24
Let f(i) = i**2 - 15*i + 19. Let d be f(10). Let r = d + 40. Let p be 0 + 0 + 0 + 36. Calculate the greatest common divisor of p and r.
9
Let c = -2306 + 2316. Calculate the greatest common factor of c and 1170.
10
Let z(g) = g**3 + 7*g**2 + 6*g - 2. Let h be z(-5). Suppose -40 = -3*m - 2*n + 116, -4*n + 96 = 2*m. What is the greatest common factor of h and m?
18
Let z = -4 + 2. Let i be (1/2 - z)*2. Suppose 37 = 3*t - i. Calculate the greatest common factor of 42 and t.
14
Let r = -528 + 582. What is the greatest common factor of 1350 and r?
54
Suppose -5*t + 8*t = 24. Suppose -3*b - 5*u = t, 0 = -b - 4*u - 7 - 5. What is the greatest common factor of b and 2?
2
Let r be ((-106)/(-6) - 1)/((-32)/(-528)). Calculate the greatest common divisor of 22 and r.
11
Let n(g) = -2*g**2 + 25*g + 4. Let v be n(8). Let y = v - -85. Calculate the greatest common divisor of y and 23.
23
Let g be 339 + (4 - (4 - 1)). What is the greatest common divisor of g and 136?
68
Let c = 38 + -14. Suppose c = 8*o - 176. Calculate the greatest common divisor of o and 250.
25
Suppose -k - k + 38 = 0. Let t be ((-180)/6)/(-6) + -20. Let m = t + k. What is the greatest common factor of 4 and m?
4
Let s = -436 - -956. Calculate the greatest common factor of 104 and s.
104
Let x(t) = t**3 + 23*t**2 + 22*t + 138. Let r be x(-21). What is the greatest common factor of r and 144?
18
Let j(r) = -r**3 - 3*r**2 - 2*r + 1. Let y be j(-2). Let a be (-10)/(((-1)/14)/y). What is the greatest common divisor of a and 20?
20
Let a(r) be the third derivative of r**6/30 + r**5/60 - 7*r**4/24 + 5*r**3/6 + r**2. Let t be a(2). Calculate the highest common factor of 18 and t.
9
Suppose 16 = -2*q - 4*z, q - 5*q - z + 3 = 0. Calculate the highest common divisor of q and 6.
2
Suppose 40 = 3*n + 2*n. Suppose -9*v + 15 = -57. Calculate the greatest common divisor of v and n.
8
Let n be (-430)/(-15)*1 + (-10)/15. Calculate the greatest common divisor of 70 and n.
14
Let r = -60 + 84. Let y(v) = -v**2 + 21*v - 30. Let z be y(18). What is the greatest common divisor of z and r?
24
Suppose -226*m + 286 = -213*m. Calculate the highest common factor of 1034 and m.
22
Let l be -5*21/(-5)*2. Suppose 10 = 3*v - 2*a - 16, 4*v + a - l = 0. Calculate the greatest common divisor of 15 and v.
5
Let z(q) = 7*q**2 + 36*q - 58. Let l be z(-14). What is the greatest common divisor of 5 and l?
5
Let v = 6 + -2. Let c(o) = o**3 + 10*o**2 + 9*o + 6. Let t be c(-9). Calculate the greatest common factor of v and t.
2
Suppose -8*f + 3*f + 17 = 4*c, c + f - 5 = 0. Calculate the greatest common factor of c and 32.
8
Let c = 162 + -81. What is the highest common factor of 3 and c?
3
Let p be (-6720)/(-476) - (-4)/(-34). What is the highest common divisor of 154 and p?
14
Let v be (3 - 2)/((-2)/(-14)). Let u be (2 - 0)*(-2)/(-4). Suppose 4*t = u + 55. What is the highest common factor of v and t?
7
Suppose 0 = 4*s + l - 32 + 8, 5*l + 5 = 5*s. Let p(f) = f + 15. Let t be p(s). What is the greatest common factor of t and 100?
20
Let g(z) = 7*z + 9. Let t be g(21). Suppose 6*q + t = 9*q. What is the highest common divisor of 13 and q?
13
Suppose 0 = -43*v + 41*v + 18. Calculate the greatest common factor of v and 81.
9
Suppose 0 = -p + 4*p - 189. Let q b